
Calculate the highest common factor of 955 and 248210.
5
What is the highest common divisor of 14279 and 1392475?
109
What is the highest common factor of 44345026 and 3798?
422
What is the highest common factor of 12688005 and 275?
55
Calculate the highest common factor of 2640072 and 1804.
164
Calculate the highest common factor of 691886 and 5069974.
2314
Calculate the greatest common factor of 1961 and 67128899.
53
Calculate the highest common divisor of 35458806 and 140928.
2202
What is the highest common factor of 10972790 and 6?
2
What is the greatest common factor of 130502 and 34454?
46
What is the greatest common divisor of 4841 and 18424?
47
What is the highest common factor of 5117 and 1169?
7
Calculate the highest common divisor of 319641 and 747793.
491
What is the highest common factor of 9858 and 37463376?
186
What is the greatest common divisor of 4127649 and 23121?
1101
Calculate the greatest common factor of 1277164 and 455.
7
Calculate the greatest common factor of 195657 and 5439.
147
What is the highest common factor of 102 and 3327612?
6
What is the highest common factor of 405 and 4476240?
45
Calculate the highest common factor of 124646190 and 337.
337
What is the highest common factor of 1105 and 6229106?
221
Calculate the highest common divisor of 80438074 and 148.
74
What is the highest common divisor of 138087752 and 947?
947
Calculate the greatest common divisor of 848 and 42736.
16
Calculate the highest common divisor of 312502 and 37333.
37
What is the highest common factor of 7502226 and 228?
114
Calculate the highest common factor of 127348900 and 20.
20
What is the highest common factor of 1269 and 56729?
47
What is the greatest common divisor of 59087 and 222985?
161
Calculate the highest common factor of 267542 and 1364.
22
Calculate the greatest common factor of 382518 and 1204434.
1422
Calculate the greatest common factor of 8 and 11607676.
4
Calculate the highest common factor of 2432 and 22277500.
76
Calculate the highest common divisor of 237 and 539570.
79
What is the greatest common factor of 26450 and 566030?
5290
Calculate the greatest common divisor of 199493 and 721.
7
What is the greatest common divisor of 5636450 and 450?
50
What is the highest common divisor of 22233 and 1527?
3
What is the greatest common divisor of 2133 and 230191938?
711
What is the greatest common factor of 35340 and 85102440?
1860
Calculate the highest common factor of 771 and 534199943.
257
Calculate the greatest common factor of 528544 and 31789.
83
Calculate the highest common factor of 2058 and 53848256.
686
What is the greatest common divisor of 252094822 and 1630?
326
What is the highest common divisor of 11110 and 43692?
22
Calculate the highest common factor of 115236378 and 36.
18
What is the highest common divisor of 313572228 and 326?
326
What is the greatest common factor of 31911 and 147873?
33
What is the greatest common factor of 12 and 47709?
3
Calculate the highest common factor of 568017 and 18621.
9
What is the highest common divisor of 37 and 977819?
1
Calculate the greatest common divisor of 158898 and 11796.
6
Calculate the greatest common divisor of 166425 and 331265.
1585
Calculate the greatest common factor of 38 and 122483177.
19
Calculate the greatest common divisor of 90 and 1517364.
18
Calculate the highest common divisor of 108906021 and 1809.
603
What is the highest common divisor of 1383525 and 990?
495
Calculate the greatest common divisor of 1800 and 4485000.
600
Calculate the highest common divisor of 53598333 and 3852.
321
Calculate the highest common divisor of 39204 and 1267893.
891
Calculate the greatest common factor of 217924 and 3374564.
724
What is the highest common factor of 26055 and 1223620?
965
What is the highest common divisor of 212874 and 132192?
102
Calculate the greatest common divisor of 1480 and 112488.
8
What is the highest common factor of 165676 and 387472?
244
What is the greatest common divisor of 17654 and 15520?
194
What is the highest common divisor of 3924044 and 136?
4
What is the highest common divisor of 575723897 and 7?
7
What is the highest common divisor of 14994 and 281610?
126
Calculate the highest common divisor of 83560 and 91400.
40
What is the highest common divisor of 552 and 433389?
69
What is the greatest common factor of 42288062 and 188?
94
What is the greatest common divisor of 7464 and 1318582776?
7464
What is the highest common divisor of 4596993 and 2784?
87
Calculate the greatest common divisor of 181396 and 163620.
404
What is the greatest common factor of 24369334 and 24354?
902
Calculate the greatest common divisor of 7422 and 654373.
1237
What is the greatest common factor of 52448664 and 4560?
456
What is the greatest common divisor of 23834594 and 42?
14
What is the highest common factor of 2632 and 5231429?
329
Calculate the highest common divisor of 1445415 and 420.
15
Calculate the highest common divisor of 29 and 30340612.
29
Calculate the highest common divisor of 308997582 and 202.
202
Calculate the highest common factor of 74033 and 335421.
101
What is the greatest common factor of 817372 and 41148?
508
Calculate the highest common divisor of 306875 and 10311.
491
What is the highest common factor of 708 and 9357459?
177
Calculate the greatest common factor of 10431773 and 363.
121
Calculate the greatest common factor of 31898817 and 9.
9
What is the highest common divisor of 6216 and 424968?
24
What is the greatest common divisor of 14 and 28422023?
7
Calculate the highest common divisor of 2264 and 13448.
8
What is the highest common factor of 555232 and 128?
32
Calculate the greatest common factor of 3519 and 17128629.
207
Calculate the highest common factor of 3500065 and 249345.
9235
Calculate the greatest common divisor of 197393 and 10207.
173
Calculate the greatest common divisor of 3384 and 4572954.
18
Calculate the highest common factor of 8303 and 69851.
23
Calculate the highest common divisor of 80 and 407770.
10
Calculate the highest common divisor of 109600 and 2512.
16
Calculate the highest common divisor of 12978632 and 4264.
328
Calculate the highest common divisor of 2 and 1071635.
1
Calculate the highest common factor of 2568 and 1008096.
24
What is the greatest common factor of 11803 and 181801?
29
What is the highest common divisor of 240 and 2211840?
240
What is the greatest common divisor of 2268 and 329196?
84
What is the greatest common factor of 669222 and 22842?
486
Calculate the highest common divisor of 77780399 and 478.
239
Calculate the highest common divisor of 926387 and 10087.
77
What is the highest common divisor of 314758 and 56974?
934
What is the greatest common divisor of 4763 and 862125?
11
Calculate the greatest common factor of 3261 and 545163.
3
What is the highest common factor of 1152 and 382540416?
384
What is the greatest common factor of 26451581 and 26?
13
What is the greatest common factor of 51 and 10059104?
17
Calculate the highest common divisor of 251745050 and 100.
50
What is the greatest common divisor of 191171887 and 562?
281
Calculate the greatest common divisor of 14725 and 35720.
95
Calculate the greatest common divisor of 14090 and 733190.
10
Calculate the highest common factor of 12721338 and 3570.
714
What is the greatest common factor of 177510 and 144570?
1830
Calculate the greatest common divisor of 2616730776 and 33.
33
What is the greatest common factor of 10 and 1057858?
2
What is the greatest common factor of 11516 and 116?
4
What is the highest common factor of 119 and 30479827?
119
What is the highest common divisor of 289162973 and 11?
11
Calculate the highest common factor of 7152217 and 309.
103
What is the highest common divisor of 96266 and 49276?
254
Calculate the highest common divisor of 1554 and 528508.
74
Calculate the highest common factor of 6064681 and 2989.
2989
Calculate the greatest common divisor of 156 and 48915516.
156
What is the greatest common divisor of 600557 and 13?
1
Calculate the greatest common divisor of 51842474 and 3646.
3646
What is the highest common factor of 531 and 1264547?
59
What is the highest common divisor of 438 and 56997597?
219
Calculate the highest common factor of 1703 and 1394596918.
1703
Calculate t